 -8230. What is s(v)?
12
Let t = -31188 + 31196. Let g(k) = -k**3 + 12*k**2 - 35*k + 14. What is g(t)?
-10
Let u(h) be the third derivative of -1/30*h**5 - 1/12*h**4 + 1/3*h**3 - 4 + 0*h - h**2. Suppose 2*g + 8 = 2. What is u(g)?
-10
Suppose 0 = -3*p + 5*o - 13, 5*o = 8*o - 15. Suppose p = -13*l + 4. Let q(k) = -k**3 + 25. Give q(l).
25
Suppose 6*t - 471 = -549. Let u(o) = -o**3 - 14*o**2 - 12*o + 2. Calculate u(t).
-11
Let p(v) = 11792 + 2930*v - 2933*v - 11790. Suppose 3*a + 18 = 6. Calculate p(a).
14
Let h be (175/2)/5*(-208)/(-520). Let b(q) = q**3 - 8*q**2 + 5*q + 3. Calculate b(h).
-11
Let s(v) = -4*v - 23*v**3 - 28*v**3 + 6*v**2 - 30*v**3 + 80*v**3. Suppose -4*n = 5*g - 24, -6*g + 2*g = -5*n - 11. Suppose -q + n = -4. Give s(q).
5
Let a = 28 - 23. Let v(m) = 22*m**2 - 14*m - 27. Let f(x) = 35*x**2 - 21*x - 43. Let l(w) = 5*f(w) - 8*v(w). What is l(a)?
11
Let z = -45 - -159. Suppose 17*d = z + 5. Let a(b) = b**2 - 7*b - 10. Determine a(d).
-10
Let r(f) = 8746 - 3*f - 8745 + f**2 + 10*f. Calculate r(-3).
-11
Let h(m) = 24*m + 1. Let l be (-2 + (-9)/(-2))*2. Suppose -7 = -3*z - 4*t, -2*z - l*t + 2*t = -5. Calculate h(z).
25
Suppose -4*o + 19 = 11. Suppose 3*m + 11 = -o*g - 1, -2*g - 2 = -2*m. Let l(w) = -w. Let f(p) = -8*p. Let y(a) = -2*f(a) + 12*l(a). What is y(g)?
-12
Let z(c) be the first derivative of c**3/3 + 2*c**2 + c + 5. Let w be ((-174)/290)/(1/10). What is z(w)?
13
Suppose 3*z - 4*p = -1885, -18*z - 1857 = -15*z + 3*p. Let y = -613 - z. Let r(v) = -v**3 + 10*v**2 + 4. Calculate r(y).
4
Let p(s) = -s**3 - 8*s**2 + 35*s + 23. Suppose -5*b - 35 = 5*y, 0 = -9*b + 14*b + y + 51. Determine p(b).
1
Let m = 14602 - 14603. Let y(z) = -8*z - 1. What is y(m)?
7
Let p(a) = -a - 3. Suppose 120*q - 142 = 147*q + 236. Suppose -5*j + j + 28 = -4*s, -16 = -4*s. Let c = j + q. Calculate p(c).
0
Let i(m) = -m**3 - m + 14. Let k be (275/(-20))/11*-4. Let o = -5 + k. Give i(o).
14
Let s(u) be the third derivative of -8*u**2 + 2 + 1/8*u**4 + 0*u**3 + 0*u. Calculate s(-2).
-6
Let f be (-312)/10 + 269/1345. Let t(s) = 2*s**2 + 65*s + 98. Determine t(f).
5
Suppose -g - 14 = g. Let c(n) = -4*n - 26. Let x be c(-7). Let o(b) = -5*b - 6470 + 6471 - b**x - b. What is o(g)?
-6
Suppose -156 = 9*b + 30*b. Let g(w) = -2*w**2 - 2*w - 6. What is g(b)?
-30
Let q = -7029 - -7020. Let f(b) = b + 21. Determine f(q).
12
Let p(m) = -3691*m + 7296*m - 5 - 3617*m. Give p(-6).
67
Let t(z) = -11*z - z - 12*z - 15 + 28*z - 2*z. Give t(-3).
-21
Let c(a) be the third derivative of 7*a**4/24 - 2*a**3/3 + 31*a**2. Let m(n) = 19*n - 11. Let s(h) = -11*c(h) + 4*m(h). What is s(-6)?
6
Suppose 4*i = -28, -5*m - 3*i - 53 = 48. Let s(g) = 7*g**2 + 32*g - 11. Let d(c) = -4*c**2 - 16*c + 6. Let y(j) = 5*d(j) + 3*s(j). What is y(m)?
-3
Let y(h) = 14*h**2 + 18*h + 17. Let w(l) = -4*l**2 - 5*l - 3. Let f(p) = -10*w(p) - 3*y(p). Give f(-7).
-91
Let f(t) = 17*t**3 + 10*t**2 + 6*t - 62. Let w(x) = 3*x**3 - x**2 + x - 11. Let r(k) = f(k) - 5*w(k). Calculate r(-7).
35
Let o(n) = -2*n - 4 - 4 + 0. Suppose 3*c - 702 - 3162 = 0. Let p = 1294 - c. Determine o(p).
-20
Let s(m) = -3*m**3 - 2*m**2 - 2*m - 1. Let b be s(-1). Let v(t) = -155*t + 3. Let i(f) = -68*f + 1. Let u(j) = 7*i(j) - 3*v(j). Give u(b).
-24
Let i(p) = -p**3 - 6*p**2 + 10*p + 25. Let z = -6718 + 6711. What is i(z)?
4
Let r(c) = -8*c**3 - 7*c**2 + 8. Let g(x) = 7*x**3 + 5*x**2 + x - 7. Let n be 32/224 + 100/(-14). Let a(i) = n*g(i) - 6*r(i). What is a(5)?
16
Let f = -1 + 3. Suppose -3*k = a - f*a + 6, 5*a = -4*k + 30. Let p = a + -9. Let u(j) = -j**3 - 5*j**2 - 2*j + 2. Give u(p).
-10
Let k(g) = -g**2 - 2*g + 13. Let i be (3 - 1 - -2 - 12)/2. Let s be k(i). Let r(y) = -2*y - 1. Let c(p) = 4*p + 3. Let t(v) = 4*c(v) + 9*r(v). What is t(s)?
-7
Let c(h) = 3*h**3 - h - 19*h - 15*h**2 - 12 + 6 - 17. Let f(n) = -n**3 + 5*n**2 + 7*n + 8. Suppose 58*z = -265 - 83. Let b(u) = z*c(u) - 17*f(u). What is b(5)?
7
Let y(p) = -90 - 5*p**2 - p - 2*p**3 + 92 + p**3. Let d = -63 + 58. Calculate y(d).
7
Let t be (7*4/(-4))/(3/3). Let m(h) = -7*h + 24. Let p(r) = 15*r - 49. Let v(i) = t*m(i) - 3*p(i). Calculate v(4).
-5
Let i(u) = u**3 + 22*u**2 + u + 29. Let n = 3224 + -3246. Determine i(n).
7
Let f(n) = 12*n - 6 + 12 + 6 - 11*n. Let i = -631 + 622. Determine f(i).
3
Suppose d + 3*d = 8. Let c be 2*5/(-20)*(d - 4). Let b(m) = m**2 + m - 1. Give b(c).
1
Let q = -40 + 43. Suppose -d - 1 = -q*t, -3*d + 26 = t - 1. Suppose -2*c - d = -0*c. Let x(f) = -f**2 - 6*f - 2. Calculate x(c).
6
Let w(d) = -d**2 - 2*d + 8. Suppose 4*i + 5*a = 2389, 1696 - 479 = 2*i - 5*a. Let s = i + -609. Calculate w(s).
-40
Let c(t) = 33*t + 568. Let w be c(-17). Let z(n) = -n**3 + 7*n**2 + n - 4. Determine z(w).
3
Let h(d) = -7*d + 55. Let w be (-7)/(19/((-285)/15)). Calculate h(w).
6
Suppose 0 = 4*n - 8*i + 10*i - 666, i - 834 = -5*n. Let b = n - 171. Let p(s) = 5*s - 32. Let c(y) = 2*y - 11. Let a(l) = 17*c(l) - 6*p(l). Give a(b).
-11
Let c(g) be the third derivative of -g**5/60 + g**4/4 - g**3/3 + g**2 + 4563*g. Determine c(7).
-9
Let g(v) = -v**2 - 5*v - 1. Let z be g(-4). Suppose -750 = -24*m - 51*m. Suppose i - 30 = z*d - 3*i, m = -d - i. Let r(h) = -h - 10. Give r(d).
0
Suppose 0 = 3*w - d - 76, -4*w + 3*d + 71 = -27. Let n(f) = w - 11 - 2*f - 15. Determine n(4).
-8
Let p(c) = 6*c**2 - 3*c - 1. Suppose -539*f = -432*f + 321. Determine p(f).
62
Suppose -10 = -2*f - 0. Suppose 3*a + a + f*p = -10, -p + 7 = -a. Let m(j) be the third derivative of -j**4/12 - 7*j**3/6 - 94*j**2 + 113*j. Determine m(a).
3
Let q be ((-36)/30)/2 - (-126)/35. Let l(z) = 2*z**2 - z + 7*z**2 + 0 - 11*z**2 - 1 + 0*z - 3*z**q. What is l(-2)?
17
Let a(y) = 3*y - 37. Let t(l) = 14*l - 192. Let f(q) = 11*a(q) - 2*t(q). Give f(9).
22
Suppose -j + 32 = -5*j. Let x(u) = 12 - 10*u + 16*u - 4*u + u. What is x(j)?
-12
Let h be (5 - (-9)/(-3)) + -5 + 6. Suppose 5*m = h*n - 5, 3*m - 7*n = -12*n + 31. Let u(t) = 5*t + 1. What is u(m)?
11
Let a = 309 + -312. Suppose 10 = -i + 6*i. Let j(p) = -3 + i - 2*p + 1. What is j(a)?
6
Let a(f) = -13*f + 4. Let x(o) be the second derivative of 11*o**3/3 - 9*o**2/2 + 140*o + 1. Let c(l) = -5*a(l) - 3*x(l). Give c(12).
-5
Let v = 530 - 528. Let q(t) = -t**3 + t**2 - t + 1. Let l be q(v). Let o(a) = -a**3 - 5*a**2 - 3*a - 6. What is o(l)?
9
Suppose -6 - 71 = 11*z. Let d(l) = -12 - 6*l + 2 - 1 + 1 + 2. What is d(z)?
34
Let o(g) = -g + 48649 - 5*g + 14*g + 6*g - 48708. What is o(4)?
-3
Let c(f) = f - 9. Let r(b) = b**3 + 8*b**2 - 12*b - 10. Let d be (1/(-2))/((-4)/(3 + -75)). Let o be r(d). Let p be c(o). Let h(q) = -2*q + 2. Give h(p).
-14
Let p = 2 - -2. Let r(o) be the first derivative of -o**2/2 - o - 129164. Give r(p).
-5
Suppose -17 + 27 = 5*k. Suppose -3*v - 2*q + 27 = -6*q, k*v + 5*q = -5. Let p(j) = -j - 3 + v + 2 + 0*j. What is p(0)?
4
Suppose 8 = -2*h - 0*h. Let g(i) = -i - 2. Let o(q) = 7*q + 9. Let x(r) = -6*g(r) - o(r). Give x(h).
7
Let o(p) = -13*p + 17. Let k be ((-25)/(-30))/((-1)/(-16 - -10)). Determine o(k).
-48
Suppose 0 = 2*u + o - 0*o + 15, 21 = -4*u + o. Let a(r) be the second derivative of -7*r**3/6 - r**2/2 - 241*r. What is a(u)?
41
Let c(t) = t**3 - t**2 - 13*t - 1. Suppose 0 = -4*p + 5*i + 21, 125*i - 122*i + 15 = 3*p. What is c(p)?
-5
Let f(i) = -i - 9. Suppose q = v - 23, -4*v + 5*q = 10*q - 65. Suppose -773*n + 771*n - v = 0. What is f(n)?
1
Let i(g) = -2*g - 14. Suppose -5*w - 5*x + 3550 = 0, -2*x - 2922 = -5*w + 663. Let z be (w/260)/((6/(-64))/(-3)). Suppose -4*d + 48 = z. What is i(d)?
6
Let w(u) = 78*u + 25. Let l(a) = -a**2 + 79*a + 33. Let z(q) = 3*l(q) - 4*w(q). What is z(-25)?
-1
Let b(u) = 2*u**2 + u + 1. Let c(z) = -z**3 - 28*z**2 + 13*z - 18. Let i(r) = 7*b(r) + c(r). What is i(-15)?
-86
Suppose 30*r + 47 = -3*d + 31*r, 5*d - 2*r + 80 = 0. Let h(t) = -t**2 + 7*t + 299. What is h(d)?
5
Suppose 6*n - 45 + 63 = 0. Let l(s) be the third derivative of s**4/24 + s**3/3 + 40*s**2 + 3*s. Give l(n).
-1
Let g(b) = -24*b**2 - 47*b + 236. Let x(o) = -21*o**2 - 47*o + 198. Let q(w) = 5*g(w) - 6*x(w). Calculate q(-8).
0
Let n(u) be the third derivative of 0*u + 1/60*u**5 - u**2 + 0*u**4 - u**3 + 0. Suppose d + 402*x - 404*x = 0, 0 = 5*d + x. Calculate n(d).
-6
Let y be 17*(-1 + (-4 - -6))/(-1). Let z(v) = -37*v**2 - 29*v + 40. Let r(o) = 13*o**2 +